e
Is 132530 a multiple of 145?
True
Is 8 a factor of 1257?
False
Is 55 a multiple of 5?
True
Does 53 divide 2862?
True
Is 140 a factor of 5180?
True
Is 8 a factor of 528?
True
Does 10 divide 1140?
True
Does 21 divide 2782?
False
Is 37 a factor of 58095?
False
Is 90 a factor of 16920?
True
Is 32086 a multiple of 122?
True
Is 57079 a multiple of 11?
True
Does 99 divide 23067?
True
Does 22 divide 897?
False
Is 549 a multiple of 61?
True
Is 344 a factor of 117577?
False
Does 35 divide 783?
False
Does 60 divide 2128?
False
Is 216 a factor of 28296?
True
Is 13 a factor of 12597?
True
Does 206 divide 105266?
True
Is 16 a factor of 8064?
True
Is 17 a factor of 50?
False
Does 58 divide 1300?
False
Is 4889 a multiple of 28?
False
Is 41860 a multiple of 26?
True
Does 31 divide 1488?
True
Is 32616 a multiple of 55?
False
Does 21 divide 1323?
True
Is 48 a factor of 2557?
False
Does 76 divide 11447?
False
Does 12 divide 2124?
True
Is 2368 a multiple of 148?
True
Does 4 divide 2992?
True
Does 8 divide 222?
False
Is 2 a factor of 332?
True
Does 121 divide 3585?
False
Is 57 a factor of 15561?
True
Does 5 divide 279?
False
Is 50 a factor of 7550?
True
Is 6799 a multiple of 89?
False
Is 71500 a multiple of 13?
True
Is 12 a factor of 475?
False
Is 387 a multiple of 3?
True
Is 3402 a multiple of 18?
True
Does 200 divide 8044?
False
Is 37 a factor of 106?
False
Is 1386 a multiple of 11?
True
Is 22447 a multiple of 100?
False
Is 13360 a multiple of 185?
False
Does 11 divide 578?
False
Is 1387 a multiple of 73?
True
Is 1620 a multiple of 13?
False
Is 29646 a multiple of 44?
False
Is 8 a factor of 17678?
False
Does 3 divide 238?
False
Is 10 a factor of 690?
True
Does 88 divide 1553?
False
Is 98 a factor of 804?
False
Is 5 a factor of 252?
False
Does 29 divide 21576?
True
Is 87 a factor of 174?
True
Is 20 a factor of 227?
False
Is 7 a factor of 1757?
True
Is 12 a factor of 11436?
True
Is 616 a multiple of 8?
True
Is 6 a factor of 107?
False
Is 24 a factor of 3434?
False
Does 59 divide 1298?
True
Does 19 divide 471?
False
Is 118 a multiple of 57?
False
Does 16 divide 1829?
False
Is 7436 a multiple of 52?
True
Is 4 a factor of 1199?
False
Is 21958 a multiple of 10?
False
Is 35 a factor of 1820?
True
Does 121 divide 1936?
True
Is 107 a factor of 1605?
True
Does 9 divide 10774?
False
Is 26 a factor of 212?
False
Is 7336 a multiple of 14?
True
Is 43 a factor of 515?
False
Is 9804 a multiple of 43?
True
Does 2 divide 476?
True
Does 14 divide 141537?
False
Is 68 a factor of 4216?
True
Is 9 a factor of 936?
True
Is 6 a factor of 137?
False
Is 11516 a multiple of 28?
False
Does 23 divide 392?
False
Is 2460 a multiple of 6?
True
Is 1271 a multiple of 19?
False
Is 35 a factor of 197?
False
Does 96 divide 71807?
False
Is 572 a multiple of 52?
True
Does 69 divide 712?
False
Is 16 a factor of 5088?
True
Is 81 a factor of 444?
False
Is 12 a factor of 300?
True
Does 48 divide 2064?
True
Is 132 a multiple of 5?
False
Is 30 a factor of 450?
True
Is 93 a factor of 7719?
True
Is 26 a factor of 12272?
True
Does 47 divide 470?
True
Does 16 divide 562?
False
Is 34 a factor of 273?
False
Is 819 a multiple of 33?
False
Is 40863 a multiple of 53?
True
Is 155 a multiple of 5?
True
Is 30 a factor of 1680?
True
Does 292 divide 9451?
False
Does 8 divide 1432?
True
Does 55 divide 25965?
False
Is 10302 a multiple of 47?
False
Does 157 divide 27966?
False
Is 115 a multiple of 22?
False
Is 2898 a multiple of 7?
True
Is 3 a factor of 508?
False
Is 4 a factor of 215?
False
Is 1078 a multiple of 98?
True
Is 5336 a multiple of 25?
False
Does 467 divide 70050?
True
Is 9 a factor of 5061?
False
Does 9 divide 55?
False
Is 2147 a multiple of 19?
True
Does 13 divide 27171?
False
Does 16 divide 1104?
True
Does 5 divide 221?
False
Is 62564 a multiple of 244?
False
Is 61 a factor of 907?
False
Does 16 divide 9749?
False
Is 5 a factor of 797?
False
Is 54208 a multiple of 352?
True
Is 23003 a multiple of 5?
False
Is 30 a factor of 20220?
True
Does 55 divide 2500?
False
Is 24 a factor of 168?
True
Does 3 divide 5322?
True
Does 41 divide 107?
False
Does 31 divide 3689?
True
Does 31 divide 6355?
True
Is 23 a factor of 1150?
True
Is 2192 a multiple of 8?
True
Does 16 divide 5024?
True
Is 25 a factor of 27278?
False
Is 913 a multiple of 6?
False
Does 12 divide 189?
False
Is 3 a factor of 87?
True
Does 21 divide 1024?
False
Does 45 divide 64?
False
Does 8 divide 34321?
False
Does 44 divide 7656?
True
Is 1892 a multiple of 22?
True
Is 75 a multiple of 5?
True
Does 20 divide 7480?
True
Is 607 a multiple of 24?
False
Is 4456 a multiple of 8?
True
Does 11 divide 165?
True
Is 783 a multiple of 29?
True
Does 35 divide 1085?
True
Does 15 divide 476?
False
Is 774 a multiple of 16?
False
Is 14 a factor of 23814?
True
Does 40 divide 1880?
True
Is 76173 a multiple of 247?
False
Is 27 a factor of 3402?
True
Is 3 a factor of 421?
False
Is 35 a factor of 22431?
False
Is 1044 a multiple of 24?
False
Is 72533 a multiple of 87?
False
Is 17 a factor of 354?
False
Is 564 a multiple of 20?
False
Is 98 a factor of 8820?
True
Is 731 a multiple of 14?
False
Is 76 a factor of 4408?
True
Does 35 divide 2608?
False
Is 13 a factor of 897?
True
Is 1464 a multiple of 122?
True
Is 25167 a multiple of 30?
False
Is 100 a factor of 4447?
False
Does 13 divide 923?
True
Does 41 divide 1749?
False
Is 5773 a multiple of 37?
False
Does 107 divide 33281?
False
Is 4288 a multiple of 134?
True
Is 27 a factor of 798?
False
Does 54 divide 3863?
False
Is 12 a factor of 1212?
True
Does 2 divide 49?
False
Does 2 divide 6300?
True
Does 8 divide 8?
True
Is 3227 a multiple of 11?
False
Is 154 a factor of 6314?
True
Does 173 divide 10380?
True
Is 420 a multiple of 12?
True
Does 16 divide 240?
True
Does 15 divide 75?
True
Does 3 divide 23888?
False
Does 2 divide 10271?
False
Is 111 a factor of 19181?
False
Does 86 divide 15910?
True
Is 114 a factor of 10797?
False
Is 40 a factor of 2800?
True
Does 95 divide 16102?
False
Is 95 a factor of 4906?
False
Is 20 a factor of 4820?
True
Is 7 a factor of 301?
True
Is 924 a multiple of 42?
True
Is 41 a factor of 1334?
False
Is 5180 a multiple of 185?
True
Does 201 divide 22524?
False
Is 47 a factor of 2993?
False
Is 10670 a multiple of 107?
False
Does 80 divide 1149?
False
Is 7 a factor of 42497?
True
Is 20 a factor of 954?
False
Does 53 divide 8021?
False
Is 15 a factor of 5730?
True
Is 61 a factor of 20523?
False
Is 8 a factor of 444?
False
Is 725 a multiple of 29?
True
Is 23 a factor of 575?
True
Does 3 divide 2616?
True
Is 18 a factor of 180?
True
Does 34 divide 67252?
True
Does 11 divide 825?
True
Is 2 a factor of 10319?
False
Is 8352 a multiple of 24?
True
Is 660 a multiple of 110?
True
Is 585 a multiple of 11?
False
Does 17 divide 654?
False
Does 15 divide 778?
False
Is 42 a factor of 1176?
True
Is 216 a multiple of 18?
True
Is 2002 a multiple of 22?
True
Is 24710 a multiple of 37?
False
Is 158 even?
True
Is 26510 a multiple of 10?
True
Is 225 a multiple of 19?
False
Does 32 divide 74?
False
Is 71610 a multiple of 165?
True
Does 8 divide 792?
True
Is 334 a multiple of 10?
False
Is 37379 a multiple of 15?
False
Is 4555 a multiple of 17?
False
Is 3900 a multiple of 195?
True
Does 6 divide 8139?
False
Does 35 divide 3269?
False
Is 91 a factor of 9373?
True
Is 4178 a multiple of 12?
False
Is 385 a multiple of 55?
True
Is 163343 a multiple of 313?
False
Is 9 a factor of 7365?
False
Does 4 divide 10100?
True
Does 13 divide 11979?
False
Does 18 divide 10926?
True
Is 35 a factor of 4165?
True
Is 10830 a multiple of 15?
True
Is 16 a factor of 4796?
False
Is 2239 a multiple of 11?
False
Is 130 a factor of 11560?
False
Does 28 divide 2912?
True
Does 66 divide 340?
False
Is 3 a factor of 9828?
True
Does 13 divide 9543?
False
Does 29 divide 7192?
True
Is 41 a factor of 888?
False
Is 3 a factor of 281?
False
Is 35 a factor of 6634?
False
Is 17 a factor of 476?
True
Does 33 divide 7062?
True
Is 88 a factor of 10847?
False
Is 35 a factor of 66955?
True
Is 2242 a multiple of 133?
False
Does 128 divide 45827?
False
Does 57 divide 2736?
True
Is 958 a multiple of 3?
False
Does 2 divide 72?
True
Does 41 divide 9553?
True
Is 12260 a multiple of 81?
False
Is 30 a factor of 1680?
True
Is 8 a factor of 3049?
False
Is 1519 a multiple of 49?
True
